be the third derivative of -u**6/120 - 8*u**5/15 - u**4/24 - 2*u**3 - 5366*u**2. Calculate z(-32).
20
Let f(j) be the first derivative of -j**7/840 + j**6/60 + j**5/120 - j**4/24 - j**3/3 - 7*j**2 - 26. Let v(k) be the third derivative of f(k). What is v(6)?
5
Suppose 3*j + 4*w = 1218, 1442 + 151 = 4*j - 5*w. Let y = j - 398. Let t(f) = 3*f**2 - 10*f + 2. Determine t(y).
10
Suppose 2*j - 16 - 48 = 0. Let q(h) = -10*h - 2*h**2 - 17*h**3 + j*h**3 + 11*h. Give q(1).
14
Let s(n) = 7*n**2 - 8*n + 1. Let f be s(6). Let d = -203 + f. Let o(u) = 4*u**2 - 2*u**2 + 1 + 1 + u - 3*u. Give o(d).
6
Let u(t) be the third derivative of t**6/24 + t**5/60 - t**4/12 + t**3/6 + 156*t**2 + 2*t. Suppose z = 3*h + 1, 3*z - h - 3 = -6*h. Give u(z).
5
Let g(c) = 199 - c**2 + 195 - 585 - 7*c + 189. What is g(-6)?
4
Let j(g) = 0*g + g - 11*g - 5. Let m be j(-2). Suppose -4 = 3*t + 5*a, -3*t + 4*a - 1 = -m. Let l(d) = -d + 3. What is l(t)?
1
Let v(c) = 41378 - 16*c + c**2 + 41383 - 82755. Determine v(16).
6
Let t(x) = -1047*x + 4*x**2 + 1046*x - 5*x**2 + 63. Let i be t(-8). Let y(k) = k**2 - 4*k - 9. Give y(i).
12
Suppose -p + 4 = 3*g, p + 4 = -4*p - 3*g. Let t be p*(10 + -11)/(2/(-5)). Let i(c) be the first derivative of c**2/2 + c - 1. Give i(t).
-4
Let u(y) be the third derivative of 3*y**4/8 - y**3/3 - 9*y**2. Suppose -r = -f - f - 6, -3*r - 9 = 3*f. Let d be (r - (-10)/(-15))*-3. Calculate u(d).
16
Let r = -11275 + 11263. Let d(n) = 19*n + 226. Calculate d(r).
-2
Let q(v) = v**3 + 57*v**2 + 156*v - 331. Let t be q(-54). Let l(r) = r**3 + 8*r**2 - 2*r - 8. Give l(t).
55
Let g(l) be the third derivative of -13*l**4/6 + 140*l**3/3 + 2*l**2 + 1482*l. Give g(6).
-32
Suppose 78*x - 249 = 16*x - 63. Let c(w) = -w**2 - 8*w + 36. Calculate c(x).
3
Let g(r) = -9*r + 15. Let q(w) = w**2 + 51*w + 514. Let k be q(-37). Determine g(k).
51
Let y(m) = -m**3 - 12*m**2 + 18*m - 117. Let p = -7208 + 7194. Determine y(p).
23
Let i(d) = 8*d - 3*d + 4*d + 2*d + 1. Suppose 3*l - 4*l + 3 = 0, -2*l + 2 = 2*h. Determine i(h).
-21
Let o be -4 + 20/4 - (20 - 14). Let w(a) = a**2 - 2*a - 47. Calculate w(o).
-12
Let f(z) = -10*z - 1. Let v(n) be the first derivative of 1/2*n**2 - 6 + 17*n. Let s be v(-19). What is f(s)?
19
Let p = -18 - -35. Let q(l) = 20*l**3 + 332*l - 182*l + 26*l**2 - 6 - 170*l. Let i(v) = 7*v**3 + 9*v**2 - 7*v - 2. Let u(s) = p*i(s) - 6*q(s). What is u(-3)?
-1
Let k(m) = m**3 + 2*m**2 - 6*m - 2. Suppose 0 = 4*i - 3*i + 4*b - 353, -2*i + 754 = -4*b. Suppose 0 = -2*d + i - 377. Give k(d).
-10
Let f(k) = 4 - 4*k + k - k. Let i(g) = g**3 + 8*g**2 + 8*g + 6. Let y be i(-7). Let w be 10/(-8)*-4 + -1 + y. Calculate f(w).
-8
Let p = -48 + 51. Suppose -p*v = -3*h + 45, -3*v - 2*h + 4 = 44. Let i(c) = c + 24. Determine i(v).
10
Let t(f) = -4*f**2 + 7096*f + 12 + 7080*f - 14154*f + f**3 + 27*f**2. Determine t(-22).
12
Let t(z) be the third derivative of z**5/30 - 5*z**3/3 + 1067*z**2 - 2*z. Give t(0).
-10
Suppose -18 = -3*i - 4*b + 93, 0 = i - 4*b - 37. Let m = -35 + i. Let h(d) = -1 - d - d**2 - m*d + 2 + 4*d. What is h(0)?
1
Let v = -29883 - -29903. Let n(l) = 3*l - 51. What is n(v)?
9
Let p(h) be the first derivative of -h**4/4 - 8*h**3/3 + h**2 + 6*h - 6663. Suppose -k = -2*k - 8. What is p(k)?
-10
Let p(o) be the third derivative of -o**5/60 - 3*o**4/8 - 5*o**3/3 - 14*o**2. Let g = 496 + -503. What is p(g)?
4
Let u(n) be the third derivative of -n**6/120 + n**5/10 + 5*n**4/8 - 17*n**3/2 - 4*n**2 + 17*n. Determine u(7).
5
Let a(n) = 2 - 2421*n - 2421*n + 7257*n - 2418*n. Let d = -7 + 2. What is a(d)?
17
Let q(t) = -t - 7. Suppose -4*n - 301 = 47*n + 5. What is q(n)?
-1
Let d(p) = -p**2 - 8*p + 3. Let x(k) be the second derivative of k**4/12 - 13*k**3/6 + 27*k**2/2 + 34*k. Let c be x(4). Calculate d(c).
-6
Let u(l) = l**2 + l - 1. Let b(x) = -3*x**2 - x + 2. Let g(j) = b(j) + 4*u(j). Let m be -3 - ((-120)/6 + 1). Suppose m = -5*k - 9. What is g(k)?
8
Let o(r) = -31*r**3 - 11 + r - r**2 - 5 - 19*r - 9*r**2 + 30*r**3. Give o(-8).
0
Let d = 24420 + -24399. Let w(z) = -12*z + 252. Give w(d).
0
Let c(x) = -28*x**3 - x**2 + x + 2. Let y be (-4 - 1) + -4 + (-16)/(-2). Calculate c(y).
28
Suppose h - 12 = -12. Let m = 4 + -4. Let l(r) = -2 + h + m + r - 1. Determine l(-3).
-6
Let j(w) = 2*w**3 + 27*w**2 - 99*w - 1192. Let l be j(-14). Let n(x) = 8*x**3 - x**2 + 5*x + 5. Determine n(l).
-73
Suppose 6*t - 8*t - 3050 = 0. Let x = t + 2625. Let d(o) = -2*o**2 + 1099*o**3 - o - 1 + 4*o - x*o**3. Calculate d(2).
-11
Let h(v) = -11*v**2 - 106*v - 65. Let t(i) = -9*i**2 - 96*i - 60. Let k(d) = -6*h(d) + 7*t(d). Calculate k(13).
9
Let l(v) be the first derivative of -47*v**2/2 - 183*v - 6587. Calculate l(-4).
5
Let k(g) = g**2 + 11*g + 5. Let n be k(-10). Let w(i) = 4 + 0*i**2 - 190*i - 189*i + 377*i - i**2 + 0*i**2. What is w(n)?
-11
Let w(l) be the second derivative of l**5/20 + l**4/2 + l**3/3 + 12538*l. Let z(b) = -b**2 + 3*b - 4. Let g be z(3). Determine w(g).
24
Let i be (-2)/(-1) - (0 + -2). Let z(n) = -n + 1. Let q(u) = 6*u - 9. Suppose -17*m + 17 = -0*m. Let w(g) = m*q(g) + 3*z(g). Give w(i).
6
Let z(f) = f - 2. Let a(b) = 2*b**2 - 3*b - 306. Let q be a(0). Let g = q + 299. What is z(g)?
-9
Suppose -i - 36 = 18*i + 59. Let q(s) = s**3 + 4*s**2 - 2*s + 3. Give q(i).
-12
Let o(a) = -12*a - 242. Let t be o(-21). Let g(h) = -57*h**2 + t*h**2 + 24*h**2 - 14*h**3 + 24*h**2 - 1. Give g(1).
-14
Let l(s) = 2*s**2 - 8*s + 10. Let j(v) = 6*v**2 + 71*v - 85. Let z be j(-13). What is l(z)?
34
Let i(y) = -y**2 + y - 4. Let l(t) = -t**2 + 2*t - 6. Let d(w) = 7*i(w) - 5*l(w). Let z(q) = 33*q + 332. Let h be z(-10). Determine d(h).
-12
Let l(c) = -c**3 - 3*c**2 - c - 2. Let n = 13 - 11. Let d(s) = -2*s**3 - s**2 - s. Let v(m) = n*d(m) - 3*l(m). What is v(7)?
13
Let d(i) = -i**2 - 4*i + 6. Let s(l) = -2*l - 6. Let n be s(-5). Let g be (n - 66/15)*-5. Suppose 3*p + p + 2*r + 26 = 0, -2 = g*r. What is d(p)?
-6
Let u be 231/14*(-16)/3. Suppose 5*b = -686 + 211. Let z = u - b. Let l(g) = -g**2 + 11*g - 5. Calculate l(z).
23
Let p(c) = 22*c**2 - 9*c - 22. Let o(f) = -6*f**2 + 2*f + 5. Suppose -62 = r - 60. Let i(d) = r*p(d) - 9*o(d). What is i(-2)?
39
Suppose 0 = 5*j + 2*s - 7*s - 40, -2*j - 5*s = 5. Let m(g) = -g**2 - 6*g - 5. Let v(i) = -5*i**2 - 25*i - 20. Let d(x) = 9*m(x) - 2*v(x). Give d(j).
0
Let l(d) = 2*d**2 + 37*d - 14. Let m(q) = q**2 + 18*q - 7. Let s(v) = -6*l(v) + 13*m(v). Let y = -7700 + 7687. Give s(y).
6
Let d(n) = -2*n**2 - 152 + 182 + n + n**2. Give d(0).
30
Let x = -25 - -68. Suppose 6*f - 2*u - 90 = 2*f, -x = -2*f - u. Let a(m) = -2*m**2 + 7*m**2 - 17 + f + m - m**3 - 4*m**2. Give a(0).
5
Let n(s) = 5979*s + 65770. Let f be n(-11). Let h(c) = -1 - 11*c + 2*c - 3*c. Give h(f).
-13
Suppose 0 = q - 2. Let n(k) = 31 + 6*k**2 - 4*k**q - 26 - k**2. Determine n(0).
5
Suppose 11*g + 31 = 284. Let s(y) = -g - 14*y - 4*y + 21*y - 2*y. Calculate s(22).
-1
Let s(v) = 4*v**2 - 3*v + 5. Let k be (-498)/332*(2/(-6) + -1). What is s(k)?
15
Suppose -2*s = -5*s - 3. Let d be -1*(s/1 + -3). Let z(m) = -3*m**2 - 5*m**2 - 7*m - m**2 + 2 + 18*m**2 - 8*m**2. Determine z(d).
-10
Let t = -20862 - -20861. Let z(p) = 25*p + 21*p - 16*p. Calculate z(t).
-30
Let n(i) = i**3 - 14*i**2 + 2. Let r be n(14). Let q(d) = 11*d**2 - 11*d**2 - d**r - 3 - 6*d. Let w(k) = 2*k**3 + 3*k**2 + k + 2. Let j be w(-2). What is q(j)?
5
Let j(l) = l**3 + l**2 - 3*l + 2. Let g(a) = -17*a - 156. Let r be g(-9). Determine j(r).
-7
Let w = -163 + 171. Let l(z) = w*z + 13 - 10*z - 14. Calculate l(0).
-1
Let y(u) = 4*u**2 + 25*u + 19. Let r(v) = -9*v**2 - 55*v - 36. Let l(d) = -2*r(d) - 5*y(d). What is l(-4)?
5
Let i(m) be the first derivative of m**3/3 - 3*m**2/2 - 17*m + 298. What is i(9)?
37
Suppose 4*m - 7*m + 5*t = -28, 4*m - 3*t = 30. Let y = 158 - 19. Let u(w) = 0*w**3 - 7*w**2 + 2*w + w + w**3 + 144 - y. What is u(m)?
-13
Let p(n) = 615 + 2*n - 328 + 3*n**2 - 2*n - 2*n - 245 + n**3. What is p(-5)?
2
Let j be 15*(-2 - -3)/(-3). Let c(i) = -7*i**3 + 2*i**2 + 7*i**3 - 3*i - 7*i**2 - 6 + 4*i - i**3. Give c(j).
-11
Let i(y) = -12*y**2 + 3*y - 1. Let m(h) = -21*h**2 + 5*h - 1. Let t(b) = -12*i(b) + 7*m(b). What is t(-6)?
-97
Let t(b) = b**3 + 24*b**2 + 21*b - 38. Suppose 361*o = 376*o + 345. Calculate t(o).
8
Let l be 104/(-78)*6/4. Let u(p